 = -4*p. Determine q(p).
16
Let q = -1/104 + 27/104. Let o(v) be the first derivative of -5 - v + q*v**4 + 0*v**3 - 1/2*v**2. Determine o(0).
-1
Let v(m) be the third derivative of 0 + 73*m**2 + 1/3*m**3 + 0*m - 5/24*m**4 - 1/60*m**5. Give v(-4).
6
Let m(s) be the second derivative of 43*s**3/6 - 2*s**2 - 228*s. Let p(v) = 12*v - 1. Let t(n) = 6*m(n) - 22*p(n). What is t(2)?
-14
Let j(v) = 32*v**3 + 38*v**3 - 5 - 12*v**3 + 11*v**2 + 8*v - 57*v**3. What is j(-10)?
15
Let y = -8310 - -8315. Let c(z) = -7*z + 3. What is c(y)?
-32
Let z(b) = 7*b**3 - b. Let p be z(-1). Let d(h) be the first derivative of h**4/4 + 2*h**3 - 8*h + 56640. What is d(p)?
-8
Let h be 2617/3*21/7. Let p(t) = -5*t - 2613 + h + 3*t. Give p(6).
-8
Let i be -19 - ((-52)/(-13) - 17). Let d(l) = -l**2 - 4*l + 8. Let z(k) = 2*k**2 + 8*k - 15. Let r(v) = -5*d(v) - 2*z(v). Give r(i).
2
Let p be (2/(-4) - 0)/((-9)/72). Let q(f) be the third derivative of -f**5/60 + f**4/6 - f**3/2 + 5*f**2 + 5*f. Calculate q(p).
-3
Let n(f) = -11*f**2 + 2*f - 1. Suppose 0 = -5*w - p + 6, 3*w + 2*p + 27 = 32. Let q be n(w). Let y(z) = -z**3 - 10*z**2 + 6. What is y(q)?
6
Let p(b) = 2*b**2 + 21*b + 22. Suppose a - 4*m = 15, -m - 30 = 2*a + m. Give p(a).
-5
Suppose 3*v + 5*d = -36, 4*v + 12*d - 14*d = -48. Let g(k) = -k**3 - 13*k**2 - 15*k - 34. Calculate g(v).
2
Let b(u) = -3*u**2 + 16*u + 205. Let d be b(-6). Let h(c) = 70*c**2 + 3*c - 2. Determine h(d).
71
Suppose -4*o + o - 6 = 0. Let c = 53 - 49. Let g(a) = -3 - 2 - 4*a**2 + c. Give g(o).
-17
Let c(l) = -3*l - 14. Let d(i) = 2*i**3 + 29*i**2 - 35*i - 31. Let m be d(-14). Let w = 652 - m. What is c(w)?
-5
Suppose -2*f + 2*c + 2 + 8 = 0, 3*f - 5*c - 15 = 0. Suppose -7*q + 67 = -12*q - 2*g, f*q + g = -66. Let s(v) = -v**2 - 14*v - 13. Give s(q).
0
Let f(v) = 4*v - 62. Let s be f(16). Let k(c) = -c**2 - 8*c + 6. Let u(m) = -4*m**2 - 31*m + 24. Let j(d) = s*u(d) - 9*k(d). What is j(-10)?
-6
Let u(z) = -47*z**2 - 7*z - 66. Let i(c) = -55*c**2 - 9*c - 76. Let g(w) = -6*i(w) + 7*u(w). Suppose 3*q + 14 + 17 = 4*v, -v + 3*q = -19. Calculate g(v).
30
Let l(d) = 15*d**3 + 2*d**2 - 3*d. Let c be l(1). Suppose -3*v - x = -0*x - 13, 2*x = 2*v - c. Let f(j) = -2*j + 11. Give f(v).
1
Let l = 76 + -56. Suppose -7*m - 26 = -l*m. Let p(t) = -t + 1. Calculate p(m).
-1
Let s(v) = -774*v + v**2 + 5 + 757*v - 2*v**2. Determine s(-17).
5
Suppose -3*g = 5*w - 0*w + 11, -5*w - 20 = 0. Let x(a) = -a**3 - a**2 + 2*a - 5. What is x(g)?
-35
Suppose -35*j + 19*j + 14*j = -26*j. Let i(h) = -h**3 - 3*h**2 + 4*h + 1. What is i(j)?
1
Let j(m) = m**3 + 5*m**2 - 5*m + 7. Let o = -16 - -27. Suppose 14*n - o*n = -18. Give j(n).
1
Let j(h) = -3*h**3 + h**2 - 3*h + 1. Let n = -9573 - -9576. Determine j(n).
-80
Let f(u) = -u + 23. Let v be f(-13). Suppose -2*y - v = -6*y. Let b(s) = s - 5 - 5 + 4 - 1. Give b(y).
2
Let h(x) be the third derivative of -17*x**6/120 + x**5/30 + x**4/24 - 34*x**2. Let p = 376 + -377. What is h(p)?
18
Let g = 17 + -28. Let s(l) = 40791 - 81758 + 40961 - 3*l. What is s(g)?
27
Let p(b) be the first derivative of b**3/3 - b**2/2 + 4*b + 23. Let y(z) = -16*z - 2. Let m be y(-2). Let x = -30 + m. Calculate p(x).
4
Let d(o) be the first derivative of -2*o**3/3 + 9*o**2 - 16*o - 1143. Calculate d(7).
12
Let k(t) be the first derivative of -6*t + 1/3*t**3 + 67 - 6*t**2. Give k(13).
7
Let y(n) = 67*n - 36*n**2 + 2 - 1978*n**3 + 1015*n**3 + 964*n**3 + n**2. Give y(33).
35
Let c(w) = 4*w**2 - 5*w + 2. Let j(m) = m**2 - 2*m. Let s(x) = -2*c(x) + 7*j(x). Let b be (-8 + 1)*(8 + -7). Calculate s(b).
-25
Suppose 4*m - 2 = -c, 0*c - 2*m = -c + 2. Let k(v) = -c*v**2 + 11*v**2 - 8*v + 10 - 8*v**2. Let t(z) = z**2 - 2*z - 28. Let x be t(7). Give k(x).
3
Let g(l) = -l**2 - 57*l - 105. Let j be g(-55). Let s(b) = -3*b + 42. Calculate s(j).
27
Let x(p) be the first derivative of 2*p**2 - 31*p - 427. What is x(10)?
9
Let l(q) = -q**3 - 5*q**2 + 3*q + 7. Suppose 5*h = h. Let u be (h + 41)*(-2 + -4 + 7). Suppose u = -9*g - 4. Give l(g).
-8
Suppose 2*g - 5*z = 14, 7*g + 5*z = 10*g - 6. Let r(y) = y**3 + 6*y**2 - 19*y - 12. What is r(g)?
12
Let w(y) = -y - 18. Let u(r) = -3*r - 52. Suppose -2*g - 3*j = 3, -5*g + 5*j + 7 = -48. Let a(x) = g*u(x) - 17*w(x). What is a(2)?
-8
Let z(t) be the first derivative of 7*t**2/2 - 16*t - 287. Give z(-5).
-51
Let a(j) = 92 - 11*j + 2*j + 12*j + 0*j - 18*j. Determine a(6).
2
Let k(t) = -t**3 + 17*t**2 - 6*t + 8. Let a be k(16). Suppose -8*x + 15*x = a. Let l be ((-6)/x)/((-1)/(-4)). Let o(j) = -5*j**3 - 2*j**2 + 1. Calculate o(l).
4
Let j(w) = -2*w + 21. Let c be j(10). Let r be 4 + ((-2)/(-2))/c. Suppose -4*n = -4*b - 5*n, 3*b = r*n. Let d(m) = -m**3 - m + 9. Calculate d(b).
9
Let n(i) = -i**2 + 3*i - 2. Let j be (1 - 6/2)*125/10. Let v = j - -40. Suppose 10*q - 25 = v. Give n(q).
-6
Let s be (-8)/(-10)*(-23)/(414/(-135)). Suppose s*t = -115 + 133. Let l(a) = a**2 - 3*a - 4. Give l(t).
-4
Let q(j) = -1 + 53*j + 178 - 25 + 215. Determine q(-7).
-4
Suppose -5 = 3*h - 2*h. Let l(u) = -u**2 + 2*u + 10. Let r be l(4). Let m(t) = -27*t**2 + 55*t**r + 7 - 27*t**2 + 9*t. Give m(h).
-13
Suppose 0 = 24*k - 23*k - 5. Suppose -m - k*t - 24 = 0, -m + t = -2*t. Let u(l) = -3*l - 13. What is u(m)?
14
Let r(v) = 3*v**2 + 20*v - 42. Let y be (12/(-90) - 12/(-90)) + 2. Determine r(y).
10
Let o(s) = s**3 + 11*s**2 - s - 16. Let f(i) = -3*i**3 - 38*i**2 + 3*i + 46. Let h(y) = 2*f(y) + 7*o(y). Calculate h(0).
-20
Suppose -10*b - 66 = -216. Suppose 3*d + b = 0, -5*r + 3*d + 5 = 25. Let l(o) = 2*o + 4 + 8*o**2 - 5 + o**3 + 2*o + 0*o. Give l(r).
20
Let w(q) = 3*q - 2. Let u(o) = 7*o - 4. Let h(r) = -2*u(r) + 5*w(r). Suppose 0 = 16*l - 517 + 85. Let p(d) = d**2 - 31*d + 112. Let g be p(l). Determine h(g).
2
Suppose -2*n + 3*d + 32 + 177 = 0, -3*n = d - 286. Let j = -96 + n. Let w(g) = -18*g + 1. Determine w(j).
-17
Suppose 5*j + 39 - 9 = 0. Let i be 2 + (j - -2) - -9. Let r(t) = t**3 + 50 + 4*t - 21 - 8*t**2 - 27. What is r(i)?
-19
Suppose -7*t + 8 = 1. Let c(u) = -10*u**2 + 3*u - 2*u - 10*u + u + 7*u. Determine c(t).
-11
Let s(b) = -5*b**3 - 2*b**2 + 3*b - 1. Let q be ((-9)/(-12))/((84/32)/(-7)). Let a(w) = -2*w**3 - 6*w**2 - 6*w - 3. Let n be a(q). Determine s(n).
-5
Let x be 834/11 - (-6)/33. Let b(p) = -34*p**2 - p - 41*p**2 - 8*p + x*p**2 + 7. What is b(7)?
-7
Let v(r) be the second derivative of 278*r + 0 + 1/6*r**3 - 25/2*r**2. Calculate v(0).
-25
Let z(n) = n**2 - n + 1. Let j(g) = g**3 + 8*g**2 - 7*g + 10. Let b(r) = j(r) - 4*z(r). Suppose 5 = 25*a - 23*a - 5*p, -a - 11 = 2*p. Give b(a).
-4
Suppose 0 = 117*t + 28*t + 3335. Let v(k) = k**3 + 22*k**2 - 21*k + 41. What is v(t)?
-5
Let g(s) be the second derivative of 0*s**3 - 13/6*s**4 + 1/2*s**2 - 2 - 17*s. What is g(-1)?
-25
Suppose 4*w - 5 = 7. Suppose 0 = j - w*k + 4*k - 7, -3*k + 6 = 0. Let v(q) = 939*q + 948*q - 3 - 1889*q. Calculate v(j).
-13
Let b(t) = -t**2 - 12*t - 24. Let l(u) = -5*u**2 + 239*u + 40. Let f be l(48). Give b(f).
8
Let k = -11 + 35. Let q be (-54)/k + 3/(-4). Let p(n) be the first derivative of -n**3/3 - 3*n**2/2 + 549. Give p(q).
0
Suppose 42*b - 81 + 333 = 0. Let n(c) = 2*c**3 + 8*c**2 - 6*c - 9. Determine n(b).
-117
Let g = -116365 + 116364. Let v(l) be the second derivative of 0 + 4/3*l**3 - 2*l - 1/2*l**2. What is v(g)?
-9
Let g(d) = 2*d**2 - 52*d - 45. Let a be (-5)/1 - (-25 + 6 + -8 + -5). What is g(a)?
9
Suppose -3*u - 18*i + 20*i - 20 = 0, u + 9 = i. Let k(o) = 6*o**2 - 2*o - 5. What is k(u)?
23
Let c(x) = x**2 + 12*x + 17. Let d be 92*(-1)/8 + (-3)/6. Calculate c(d).
17
Let m(l) = -l**3 + 11*l**2 - 9*l - 2. Suppose 64*g + 66*g = 121*g + 63. Give m(g).
131
Let o(n) be the third derivative of -n**5/60 - 13*n**4/24 - 4*n**3 - 3*n**2 - 51. Determine o(-9).
12
Suppose 8*u - 2*o = 4*u - 6, 5*u - 2*o + 9 = 0. Let i(b) = -2*b**2 - 3*b - 3. Calculate i(u).
-12
Let q be 30/(-130) + 176/(-26). Let f(i) = -i**3 - 6*i**2 + 6*i. Determine f(q).
7
Let f = -231 + 235. Let k(v) = -3*v**3 + f*v**2 + 4 + 2*v**3 - 13*v + 9*v. Let q = 7 + -4. What is k(q)?
1
Let p = -170 + 175. Let y(f) = -f + 117. Let i be y(0). Let s(v) = v - v**2 - i + 121 - p*v. Give s(-5).
-1
Let f be (-722)/(-120) - (34 - 23 - 5). Let p(y) be the third derivative of 0*y - 7/24*y**4 - 12*y**2 + 0 + y**3 + f*y**5. Determine p(4).
-